{"id":52,"date":"2024-04-30T16:16:04","date_gmt":"2024-04-30T19:16:04","guid":{"rendered":"https:\/\/rupt3d.com.br\/passowp\/?page_id=52"},"modified":"2024-05-14T15:34:07","modified_gmt":"2024-05-14T18:34:07","slug":"passos-news","status":"publish","type":"page","link":"https:\/\/site.passosdacrianca.org.br\/transparencia\/passos-news\/","title":{"rendered":"Passos News"},"content":{"rendered":"\n<p>Este informativo \u00e9 uma forma de comunica\u00e7\u00e3o idealizada para que toda a equipe interna e visitantes pudessem ter acesso \u00e0s not\u00edcias e acontecimentos mais recentes. Agora, durante a pandemia, ele est\u00e1 sendo disponibilizado somente via online e no site.<\/p>\n\n\n<div class=\"wp-block-image\">\n<figure class=\"aligncenter\"><img decoding=\"async\" src=\"https:\/\/passosdacrianca.org.br\/wp-content\/uploads\/2021\/11\/passos-news.png\" alt=\"Passos News\" class=\"wp-image-258610\" title=\"passos-news\"\/><\/figure>\n<\/div>\n\n\n<p><a href=\"https:\/\/passosdacrianca.org.br\/transparencia\/passos-news\/#2022\"><\/a><\/p>\n","protected":false},"excerpt":{"rendered":"<p>Este informativo \u00e9 uma forma de comunica\u00e7\u00e3o idealizada para que toda a equipe interna e visitantes pudessem ter acesso \u00e0s not\u00edcias e acontecimentos mais recentes. Agora, durante a pandemia, ele est\u00e1 sendo disponibilizado somente via online e no site.<\/p>\n","protected":false},"author":1,"featured_media":0,"parent":16,"menu_order":0,"comment_status":"closed","ping_status":"closed","template":"","meta":{"_eb_attr":"","footnotes":""},"class_list":["post-52","page","type-page","status-publish","hentry","entry"],"gutenberg_blocks":[{"blockName":"core\/paragraph","attrs":[],"innerBlocks":[],"innerHTML":"\n<p>Este informativo \u00e9 uma forma de comunica\u00e7\u00e3o idealizada para que toda a equipe interna e visitantes pudessem ter acesso \u00e0s not\u00edcias e acontecimentos mais recentes. Agora, durante a pandemia, ele est\u00e1 sendo disponibilizado somente via online e no site.<\/p>\n","innerContent":["\n<p>Este informativo \u00e9 uma forma de comunica\u00e7\u00e3o idealizada para que toda a equipe interna e visitantes pudessem ter acesso \u00e0s not\u00edcias e acontecimentos mais recentes. Agora, durante a pandemia, ele est\u00e1 sendo disponibilizado somente via online e no site.<\/p>\n"]},{"blockName":null,"attrs":[],"innerBlocks":[],"innerHTML":"\n\n","innerContent":["\n\n"]},{"blockName":"core\/image","attrs":{"id":258610,"align":"center"},"innerBlocks":[],"innerHTML":"\n<figure class=\"wp-block-image aligncenter\"><img src=\"https:\/\/passosdacrianca.org.br\/wp-content\/uploads\/2021\/11\/passos-news.png\" alt=\"Passos News\" class=\"wp-image-258610\" title=\"passos-news\"\/><\/figure>\n","innerContent":["\n<figure class=\"wp-block-image aligncenter\"><img src=\"https:\/\/passosdacrianca.org.br\/wp-content\/uploads\/2021\/11\/passos-news.png\" alt=\"Passos News\" class=\"wp-image-258610\" title=\"passos-news\"\/><\/figure>\n"]},{"blockName":null,"attrs":[],"innerBlocks":[],"innerHTML":"\n\n","innerContent":["\n\n"]},{"blockName":"core\/paragraph","attrs":[],"innerBlocks":[],"innerHTML":"\n<p><a href=\"https:\/\/passosdacrianca.org.br\/transparencia\/passos-news\/#2022\"><\/a><\/p>\n","innerContent":["\n<p><a href=\"https:\/\/passosdacrianca.org.br\/transparencia\/passos-news\/#2022\"><\/a><\/p>\n"]}],"yoast_head":"<!-- This site is optimized with the Yoast SEO plugin v27.2 - https:\/\/yoast.com\/product\/yoast-seo-wordpress\/ -->\n<title>Passos News - Passos da Crian\u00e7a: E ai, vamos transformar?<\/title>\n<meta name=\"robots\" content=\"noindex, follow, max-snippet:-1, max-image-preview:large, max-video-preview:-1\" \/>\n<meta property=\"og:locale\" content=\"pt_BR\" \/>\n<meta property=\"og:type\" content=\"article\" \/>\n<meta property=\"og:title\" content=\"Passos News - Passos da Crian\u00e7a: E ai, vamos transformar?\" \/>\n<meta property=\"og:description\" content=\"Este informativo \u00e9 uma forma de comunica\u00e7\u00e3o idealizada para que toda a equipe interna e visitantes pudessem ter acesso \u00e0s not\u00edcias e acontecimentos mais recentes. Agora, durante a pandemia, ele est\u00e1 sendo disponibilizado somente via online e no site.\" \/>\n<meta property=\"og:url\" content=\"https:\/\/site.passosdacrianca.org.brtransparencia\/passos-news\/\" \/>\n<meta property=\"og:site_name\" content=\"Passos da Crian\u00e7a: E ai, vamos transformar?\" \/>\n<meta property=\"article:modified_time\" content=\"2024-05-14T18:34:07+00:00\" \/>\n<meta property=\"og:image\" content=\"https:\/\/passosdacrianca.org.br\/wp-content\/uploads\/2021\/11\/passos-news.png\" \/>\n<meta name=\"twitter:card\" content=\"summary_large_image\" \/>\n<script type=\"application\/ld+json\" class=\"yoast-schema-graph\">{\"@context\":\"https:\/\/schema.org\",\"@graph\":[{\"@type\":\"WebPage\",\"@id\":\"https:\/\/passosdacrianca.org.br\/novo\/transparencia\/passos-news\/\",\"url\":\"https:\/\/passosdacrianca.org.br\/novo\/transparencia\/passos-news\/\",\"name\":\"Passos News - Passos da Crian\u00e7a: E ai, vamos transformar?\",\"isPartOf\":{\"@id\":\"https:\/\/passosdacrianca.org.br\/novo\/#website\"},\"primaryImageOfPage\":{\"@id\":\"https:\/\/passosdacrianca.org.br\/novo\/transparencia\/passos-news\/#primaryimage\"},\"image\":{\"@id\":\"https:\/\/passosdacrianca.org.br\/novo\/transparencia\/passos-news\/#primaryimage\"},\"thumbnailUrl\":\"https:\/\/passosdacrianca.org.br\/wp-content\/uploads\/2021\/11\/passos-news.png\",\"datePublished\":\"2024-04-30T19:16:04+00:00\",\"dateModified\":\"2024-05-14T18:34:07+00:00\",\"breadcrumb\":{\"@id\":\"https:\/\/passosdacrianca.org.br\/novo\/transparencia\/passos-news\/#breadcrumb\"},\"inLanguage\":\"pt-BR\",\"potentialAction\":[{\"@type\":\"ReadAction\",\"target\":[\"https:\/\/passosdacrianca.org.br\/novo\/transparencia\/passos-news\/\"]}]},{\"@type\":\"ImageObject\",\"inLanguage\":\"pt-BR\",\"@id\":\"https:\/\/passosdacrianca.org.br\/novo\/transparencia\/passos-news\/#primaryimage\",\"url\":\"https:\/\/passosdacrianca.org.br\/wp-content\/uploads\/2021\/11\/passos-news.png\",\"contentUrl\":\"https:\/\/passosdacrianca.org.br\/wp-content\/uploads\/2021\/11\/passos-news.png\"},{\"@type\":\"BreadcrumbList\",\"@id\":\"https:\/\/passosdacrianca.org.br\/novo\/transparencia\/passos-news\/#breadcrumb\",\"itemListElement\":[{\"@type\":\"ListItem\",\"position\":1,\"name\":\"In\u00edcio\",\"item\":\"https:\/\/passosdacrianca.org.br\/novo\/\"},{\"@type\":\"ListItem\",\"position\":2,\"name\":\"Transpar\u00eancia\",\"item\":\"https:\/\/passosdacrianca.org.br\/novo\/transparencia\/\"},{\"@type\":\"ListItem\",\"position\":3,\"name\":\"Passos News\"}]},{\"@type\":\"WebSite\",\"@id\":\"https:\/\/passosdacrianca.org.br\/novo\/#website\",\"url\":\"https:\/\/passosdacrianca.org.br\/novo\/\",\"name\":\"Passos da Crian\u00e7a: E ai, vamos transformar?\",\"description\":\"\",\"potentialAction\":[{\"@type\":\"SearchAction\",\"target\":{\"@type\":\"EntryPoint\",\"urlTemplate\":\"https:\/\/passosdacrianca.org.br\/novo\/?s={search_term_string}\"},\"query-input\":{\"@type\":\"PropertyValueSpecification\",\"valueRequired\":true,\"valueName\":\"search_term_string\"}}],\"inLanguage\":\"pt-BR\"}]}<\/script>\n<!-- \/ Yoast SEO plugin. -->","yoast_head_json":{"title":"Passos News - Passos da Crian\u00e7a: E ai, vamos transformar?","robots":{"index":"noindex","follow":"follow","max-snippet":"max-snippet:-1","max-image-preview":"max-image-preview:large","max-video-preview":"max-video-preview:-1"},"og_locale":"pt_BR","og_type":"article","og_title":"Passos News - Passos da Crian\u00e7a: E ai, vamos transformar?","og_description":"Este informativo \u00e9 uma forma de comunica\u00e7\u00e3o idealizada para que toda a equipe interna e visitantes pudessem ter acesso \u00e0s not\u00edcias e acontecimentos mais recentes. Agora, durante a pandemia, ele est\u00e1 sendo disponibilizado somente via online e no site.","og_url":"https:\/\/site.passosdacrianca.org.brtransparencia\/passos-news\/","og_site_name":"Passos da Crian\u00e7a: E ai, vamos transformar?","article_modified_time":"2024-05-14T18:34:07+00:00","og_image":[{"url":"https:\/\/passosdacrianca.org.br\/wp-content\/uploads\/2021\/11\/passos-news.png","type":"","width":"","height":""}],"twitter_card":"summary_large_image","schema":{"@context":"https:\/\/schema.org","@graph":[{"@type":"WebPage","@id":"https:\/\/passosdacrianca.org.br\/novo\/transparencia\/passos-news\/","url":"https:\/\/passosdacrianca.org.br\/novo\/transparencia\/passos-news\/","name":"Passos News - Passos da Crian\u00e7a: E ai, vamos transformar?","isPartOf":{"@id":"https:\/\/passosdacrianca.org.br\/novo\/#website"},"primaryImageOfPage":{"@id":"https:\/\/passosdacrianca.org.br\/novo\/transparencia\/passos-news\/#primaryimage"},"image":{"@id":"https:\/\/passosdacrianca.org.br\/novo\/transparencia\/passos-news\/#primaryimage"},"thumbnailUrl":"https:\/\/passosdacrianca.org.br\/wp-content\/uploads\/2021\/11\/passos-news.png","datePublished":"2024-04-30T19:16:04+00:00","dateModified":"2024-05-14T18:34:07+00:00","breadcrumb":{"@id":"https:\/\/passosdacrianca.org.br\/novo\/transparencia\/passos-news\/#breadcrumb"},"inLanguage":"pt-BR","potentialAction":[{"@type":"ReadAction","target":["https:\/\/passosdacrianca.org.br\/novo\/transparencia\/passos-news\/"]}]},{"@type":"ImageObject","inLanguage":"pt-BR","@id":"https:\/\/passosdacrianca.org.br\/novo\/transparencia\/passos-news\/#primaryimage","url":"https:\/\/passosdacrianca.org.br\/wp-content\/uploads\/2021\/11\/passos-news.png","contentUrl":"https:\/\/passosdacrianca.org.br\/wp-content\/uploads\/2021\/11\/passos-news.png"},{"@type":"BreadcrumbList","@id":"https:\/\/passosdacrianca.org.br\/novo\/transparencia\/passos-news\/#breadcrumb","itemListElement":[{"@type":"ListItem","position":1,"name":"In\u00edcio","item":"https:\/\/passosdacrianca.org.br\/novo\/"},{"@type":"ListItem","position":2,"name":"Transpar\u00eancia","item":"https:\/\/passosdacrianca.org.br\/novo\/transparencia\/"},{"@type":"ListItem","position":3,"name":"Passos News"}]},{"@type":"WebSite","@id":"https:\/\/passosdacrianca.org.br\/novo\/#website","url":"https:\/\/passosdacrianca.org.br\/novo\/","name":"Passos da Crian\u00e7a: E ai, vamos transformar?","description":"","potentialAction":[{"@type":"SearchAction","target":{"@type":"EntryPoint","urlTemplate":"https:\/\/passosdacrianca.org.br\/novo\/?s={search_term_string}"},"query-input":{"@type":"PropertyValueSpecification","valueRequired":true,"valueName":"search_term_string"}}],"inLanguage":"pt-BR"}]}},"_links":{"self":[{"href":"https:\/\/passosdacrianca.org.br\/novo\/wp-json\/wp\/v2\/pages\/52","targetHints":{"allow":["GET"]}}],"collection":[{"href":"https:\/\/passosdacrianca.org.br\/novo\/wp-json\/wp\/v2\/pages"}],"about":[{"href":"https:\/\/passosdacrianca.org.br\/novo\/wp-json\/wp\/v2\/types\/page"}],"author":[{"embeddable":true,"href":"https:\/\/passosdacrianca.org.br\/novo\/wp-json\/wp\/v2\/users\/1"}],"replies":[{"embeddable":true,"href":"https:\/\/passosdacrianca.org.br\/novo\/wp-json\/wp\/v2\/comments?post=52"}],"version-history":[{"count":8,"href":"https:\/\/passosdacrianca.org.br\/novo\/wp-json\/wp\/v2\/pages\/52\/revisions"}],"predecessor-version":[{"id":264134,"href":"https:\/\/passosdacrianca.org.br\/novo\/wp-json\/wp\/v2\/pages\/52\/revisions\/264134"}],"up":[{"embeddable":true,"href":"https:\/\/passosdacrianca.org.br\/novo\/wp-json\/wp\/v2\/pages\/16"}],"wp:attachment":[{"href":"https:\/\/passosdacrianca.org.br\/novo\/wp-json\/wp\/v2\/media?parent=52"}],"curies":[{"name":"wp","href":"https:\/\/api.w.org\/{rel}","templated":true}]}}