{"id":50,"date":"2024-04-30T16:14:33","date_gmt":"2024-04-30T19:14:33","guid":{"rendered":"https:\/\/rupt3d.com.br\/passowp\/?page_id=50"},"modified":"2024-08-22T09:08:49","modified_gmt":"2024-08-22T12:08:49","slug":"seja-um-parceiro","status":"publish","type":"page","link":"https:\/\/site.passosdacrianca.org.br\/apoie\/seja-um-parceiro\/","title":{"rendered":"Seja um parceiro"},"content":{"rendered":"\n<h3 class=\"wp-block-heading has-text-align-center has-text-color has-link-color wp-elements-93c0134ee9f9b3cb83affbea7f0ca156\" style=\"color:#222b64\"><strong>Vamos junto!<\/strong><\/h3>\n\n\n\n<p>Ser uma empresa que atua com responsabilidade social corporativa trazem muitos benef\u00edcios, entre eles: melhorar a reputa\u00e7\u00e3o da marca, atraindo investidores, eleva\u00e7\u00e3o do grau de engajamento dentro do ambiente de trabalho com colaboradores, aumento da credibilidade, gerando mais confian\u00e7a no mercado, alcance maior de satisfa\u00e7\u00e3o dos clientes, fora que a empresa estar\u00e1 contribuindo para o desenvolvimento de uma sociedade mais justa e igualit\u00e1ria. Na Passos, valorizamos nossos parceiros e entendemos a import\u00e2ncia que eles tem em toda a nossa trajet\u00f3ria. <strong>Nossos parceiros s\u00e3o:<\/strong><\/p>\n","protected":false},"excerpt":{"rendered":"<p>Vamos junto! Ser uma empresa que atua com responsabilidade social corporativa trazem muitos benef\u00edcios, entre eles: melhorar a reputa\u00e7\u00e3o da marca, atraindo investidores, eleva\u00e7\u00e3o do grau de engajamento dentro do ambiente de trabalho com colaboradores, aumento da credibilidade, gerando mais confian\u00e7a no mercado, alcance maior de satisfa\u00e7\u00e3o dos clientes, fora que a empresa estar\u00e1 contribuindo&hellip; <a class=\"more-link\" href=\"https:\/\/passosdacrianca.org.br\/novo\/apoie\/seja-um-parceiro\/\">Continuar lendo <span class=\"screen-reader-text\">Seja um parceiro<\/span><\/a><\/p>\n","protected":false},"author":1,"featured_media":0,"parent":14,"menu_order":0,"comment_status":"closed","ping_status":"closed","template":"","meta":{"_eb_attr":"","footnotes":""},"class_list":["post-50","page","type-page","status-publish","hentry","entry"],"gutenberg_blocks":[{"blockName":"core\/heading","attrs":{"textAlign":"center","level":3,"style":{"color":{"text":"#222b64"},"elements":{"link":{"color":{"text":"#222b64"}}}}},"innerBlocks":[],"innerHTML":"\n<h3 class=\"wp-block-heading has-text-align-center has-text-color has-link-color\" style=\"color:#222b64\"><strong>Vamos junto!<\/strong><\/h3>\n","innerContent":["\n<h3 class=\"wp-block-heading has-text-align-center has-text-color has-link-color\" style=\"color:#222b64\"><strong>Vamos junto!<\/strong><\/h3>\n"]},{"blockName":null,"attrs":[],"innerBlocks":[],"innerHTML":"\n\n","innerContent":["\n\n"]},{"blockName":"core\/paragraph","attrs":[],"innerBlocks":[],"innerHTML":"\n<p>Ser uma empresa que atua com responsabilidade social corporativa trazem muitos benef\u00edcios, entre eles: melhorar a reputa\u00e7\u00e3o da marca, atraindo investidores, eleva\u00e7\u00e3o do grau de engajamento dentro do ambiente de trabalho com colaboradores, aumento da credibilidade, gerando mais confian\u00e7a no mercado, alcance maior de satisfa\u00e7\u00e3o dos clientes, fora que a empresa estar\u00e1 contribuindo para o desenvolvimento de uma sociedade mais justa e igualit\u00e1ria. Na Passos, valorizamos nossos parceiros e entendemos a import\u00e2ncia que eles tem em toda a nossa trajet\u00f3ria. <strong>Nossos parceiros s\u00e3o:<\/strong><\/p>\n","innerContent":["\n<p>Ser uma empresa que atua com responsabilidade social corporativa trazem muitos benef\u00edcios, entre eles: melhorar a reputa\u00e7\u00e3o da marca, atraindo investidores, eleva\u00e7\u00e3o do grau de engajamento dentro do ambiente de trabalho com colaboradores, aumento da credibilidade, gerando mais confian\u00e7a no mercado, alcance maior de satisfa\u00e7\u00e3o dos clientes, fora que a empresa estar\u00e1 contribuindo para o desenvolvimento de uma sociedade mais justa e igualit\u00e1ria. Na Passos, valorizamos nossos parceiros e entendemos a import\u00e2ncia que eles tem em toda a nossa trajet\u00f3ria. <strong>Nossos parceiros s\u00e3o:<\/strong><\/p>\n"]}],"yoast_head":"<!-- This site is optimized with the Yoast SEO plugin v27.2 - https:\/\/yoast.com\/product\/yoast-seo-wordpress\/ -->\n<title>Seja um parceiro - Passos da Crian\u00e7a: E ai, vamos transformar?<\/title>\n<meta name=\"robots\" content=\"noindex, follow, max-snippet:-1, max-image-preview:large, max-video-preview:-1\" \/>\n<meta property=\"og:locale\" content=\"pt_BR\" \/>\n<meta property=\"og:type\" content=\"article\" \/>\n<meta property=\"og:title\" content=\"Seja um parceiro - Passos da Crian\u00e7a: E ai, vamos transformar?\" \/>\n<meta property=\"og:description\" content=\"Vamos junto! Ser uma empresa que atua com responsabilidade social corporativa trazem muitos benef\u00edcios, entre eles: melhorar a reputa\u00e7\u00e3o da marca, atraindo investidores, eleva\u00e7\u00e3o do grau de engajamento dentro do ambiente de trabalho com colaboradores, aumento da credibilidade, gerando mais confian\u00e7a no mercado, alcance maior de satisfa\u00e7\u00e3o dos clientes, fora que a empresa estar\u00e1 contribuindo&hellip; Continuar lendo Seja um parceiro\" \/>\n<meta property=\"og:url\" content=\"https:\/\/site.passosdacrianca.org.brapoie\/seja-um-parceiro\/\" \/>\n<meta property=\"og:site_name\" content=\"Passos da Crian\u00e7a: E ai, vamos transformar?\" \/>\n<meta property=\"article:modified_time\" content=\"2024-08-22T12:08:49+00:00\" \/>\n<meta name=\"twitter:card\" content=\"summary_large_image\" \/>\n<script type=\"application\/ld+json\" class=\"yoast-schema-graph\">{\"@context\":\"https:\/\/schema.org\",\"@graph\":[{\"@type\":\"WebPage\",\"@id\":\"https:\/\/passosdacrianca.org.br\/novo\/apoie\/seja-um-parceiro\/\",\"url\":\"https:\/\/passosdacrianca.org.br\/novo\/apoie\/seja-um-parceiro\/\",\"name\":\"Seja um parceiro - Passos da Crian\u00e7a: E ai, vamos transformar?\",\"isPartOf\":{\"@id\":\"https:\/\/passosdacrianca.org.br\/novo\/#website\"},\"datePublished\":\"2024-04-30T19:14:33+00:00\",\"dateModified\":\"2024-08-22T12:08:49+00:00\",\"breadcrumb\":{\"@id\":\"https:\/\/passosdacrianca.org.br\/novo\/apoie\/seja-um-parceiro\/#breadcrumb\"},\"inLanguage\":\"pt-BR\",\"potentialAction\":[{\"@type\":\"ReadAction\",\"target\":[\"https:\/\/passosdacrianca.org.br\/novo\/apoie\/seja-um-parceiro\/\"]}]},{\"@type\":\"BreadcrumbList\",\"@id\":\"https:\/\/passosdacrianca.org.br\/novo\/apoie\/seja-um-parceiro\/#breadcrumb\",\"itemListElement\":[{\"@type\":\"ListItem\",\"position\":1,\"name\":\"In\u00edcio\",\"item\":\"https:\/\/passosdacrianca.org.br\/novo\/\"},{\"@type\":\"ListItem\",\"position\":2,\"name\":\"Contribua para transformar vidas\",\"item\":\"https:\/\/passosdacrianca.org.br\/novo\/apoie\/\"},{\"@type\":\"ListItem\",\"position\":3,\"name\":\"Seja um parceiro\"}]},{\"@type\":\"WebSite\",\"@id\":\"https:\/\/passosdacrianca.org.br\/novo\/#website\",\"url\":\"https:\/\/passosdacrianca.org.br\/novo\/\",\"name\":\"Passos da Crian\u00e7a: E ai, vamos transformar?\",\"description\":\"\",\"potentialAction\":[{\"@type\":\"SearchAction\",\"target\":{\"@type\":\"EntryPoint\",\"urlTemplate\":\"https:\/\/passosdacrianca.org.br\/novo\/?s={search_term_string}\"},\"query-input\":{\"@type\":\"PropertyValueSpecification\",\"valueRequired\":true,\"valueName\":\"search_term_string\"}}],\"inLanguage\":\"pt-BR\"}]}<\/script>\n<!-- \/ Yoast SEO plugin. -->","yoast_head_json":{"title":"Seja um parceiro - Passos da Crian\u00e7a: E ai, vamos transformar?","robots":{"index":"noindex","follow":"follow","max-snippet":"max-snippet:-1","max-image-preview":"max-image-preview:large","max-video-preview":"max-video-preview:-1"},"og_locale":"pt_BR","og_type":"article","og_title":"Seja um parceiro - Passos da Crian\u00e7a: E ai, vamos transformar?","og_description":"Vamos junto! Ser uma empresa que atua com responsabilidade social corporativa trazem muitos benef\u00edcios, entre eles: melhorar a reputa\u00e7\u00e3o da marca, atraindo investidores, eleva\u00e7\u00e3o do grau de engajamento dentro do ambiente de trabalho com colaboradores, aumento da credibilidade, gerando mais confian\u00e7a no mercado, alcance maior de satisfa\u00e7\u00e3o dos clientes, fora que a empresa estar\u00e1 contribuindo&hellip; Continuar lendo Seja um parceiro","og_url":"https:\/\/site.passosdacrianca.org.brapoie\/seja-um-parceiro\/","og_site_name":"Passos da Crian\u00e7a: E ai, vamos transformar?","article_modified_time":"2024-08-22T12:08:49+00:00","twitter_card":"summary_large_image","schema":{"@context":"https:\/\/schema.org","@graph":[{"@type":"WebPage","@id":"https:\/\/passosdacrianca.org.br\/novo\/apoie\/seja-um-parceiro\/","url":"https:\/\/passosdacrianca.org.br\/novo\/apoie\/seja-um-parceiro\/","name":"Seja um parceiro - Passos da Crian\u00e7a: E ai, vamos transformar?","isPartOf":{"@id":"https:\/\/passosdacrianca.org.br\/novo\/#website"},"datePublished":"2024-04-30T19:14:33+00:00","dateModified":"2024-08-22T12:08:49+00:00","breadcrumb":{"@id":"https:\/\/passosdacrianca.org.br\/novo\/apoie\/seja-um-parceiro\/#breadcrumb"},"inLanguage":"pt-BR","potentialAction":[{"@type":"ReadAction","target":["https:\/\/passosdacrianca.org.br\/novo\/apoie\/seja-um-parceiro\/"]}]},{"@type":"BreadcrumbList","@id":"https:\/\/passosdacrianca.org.br\/novo\/apoie\/seja-um-parceiro\/#breadcrumb","itemListElement":[{"@type":"ListItem","position":1,"name":"In\u00edcio","item":"https:\/\/passosdacrianca.org.br\/novo\/"},{"@type":"ListItem","position":2,"name":"Contribua para transformar vidas","item":"https:\/\/passosdacrianca.org.br\/novo\/apoie\/"},{"@type":"ListItem","position":3,"name":"Seja um parceiro"}]},{"@type":"WebSite","@id":"https:\/\/passosdacrianca.org.br\/novo\/#website","url":"https:\/\/passosdacrianca.org.br\/novo\/","name":"Passos da Crian\u00e7a: E ai, vamos transformar?","description":"","potentialAction":[{"@type":"SearchAction","target":{"@type":"EntryPoint","urlTemplate":"https:\/\/passosdacrianca.org.br\/novo\/?s={search_term_string}"},"query-input":{"@type":"PropertyValueSpecification","valueRequired":true,"valueName":"search_term_string"}}],"inLanguage":"pt-BR"}]}},"_links":{"self":[{"href":"https:\/\/passosdacrianca.org.br\/novo\/wp-json\/wp\/v2\/pages\/50","targetHints":{"allow":["GET"]}}],"collection":[{"href":"https:\/\/passosdacrianca.org.br\/novo\/wp-json\/wp\/v2\/pages"}],"about":[{"href":"https:\/\/passosdacrianca.org.br\/novo\/wp-json\/wp\/v2\/types\/page"}],"author":[{"embeddable":true,"href":"https:\/\/passosdacrianca.org.br\/novo\/wp-json\/wp\/v2\/users\/1"}],"replies":[{"embeddable":true,"href":"https:\/\/passosdacrianca.org.br\/novo\/wp-json\/wp\/v2\/comments?post=50"}],"version-history":[{"count":12,"href":"https:\/\/passosdacrianca.org.br\/novo\/wp-json\/wp\/v2\/pages\/50\/revisions"}],"predecessor-version":[{"id":264347,"href":"https:\/\/passosdacrianca.org.br\/novo\/wp-json\/wp\/v2\/pages\/50\/revisions\/264347"}],"up":[{"embeddable":true,"href":"https:\/\/passosdacrianca.org.br\/novo\/wp-json\/wp\/v2\/pages\/14"}],"wp:attachment":[{"href":"https:\/\/passosdacrianca.org.br\/novo\/wp-json\/wp\/v2\/media?parent=50"}],"curies":[{"name":"wp","href":"https:\/\/api.w.org\/{rel}","templated":true}]}}