{"id":120,"date":"2025-07-19T02:12:06","date_gmt":"2025-07-19T02:12:06","guid":{"rendered":"https:\/\/passosdacrianca.org.br\/dev\/?page_id=120"},"modified":"2025-08-08T03:20:58","modified_gmt":"2025-08-08T03:20:58","slug":"nossa-atuacao","status":"publish","type":"page","link":"https:\/\/passosdacrianca.org.br\/dev\/nossa-atuacao\/","title":{"rendered":"Nossa Atua\u00e7\u00e3o"},"content":{"rendered":"\t\t<div data-elementor-type=\"wp-page\" data-elementor-id=\"120\" class=\"elementor elementor-120\" data-elementor-post-type=\"page\">\n\t\t\t\t<div class=\"has_eae_slider elementor-element elementor-element-f737b9a e-flex e-con-boxed e-con e-parent\" data-eae-slider=\"75597\" data-id=\"f737b9a\" data-element_type=\"container\" data-e-type=\"container\" data-settings=\"{&quot;background_background&quot;:&quot;classic&quot;}\">\n\t\t\t\t\t<div class=\"e-con-inner\">\n\t\t\t\t<div class=\"elementor-element elementor-element-b47460a elementor-widget elementor-widget-text-editor\" data-id=\"b47460a\" data-element_type=\"widget\" data-e-type=\"widget\" data-widget_type=\"text-editor.default\">\n\t\t\t\t\t\t\t\t\t<p>Nossa Atua\u00e7\u00e3o: Transformando Vidas e <br \/>Construindo Futuros em Curitiba<\/p>\t\t\t\t\t\t\t\t<\/div>\n\t\t\t\t\t<\/div>\n\t\t\t\t<\/div>\n\t\t<div class=\"has_eae_slider elementor-element elementor-element-8342fb9 e-flex e-con-boxed e-con e-parent\" data-eae-slider=\"16562\" data-id=\"8342fb9\" data-element_type=\"container\" data-e-type=\"container\">\n\t\t\t\t\t<div class=\"e-con-inner\">\n\t\t\t\t<div class=\"elementor-element elementor-element-25c69c6 elementor-widget elementor-widget-text-editor\" data-id=\"25c69c6\" data-element_type=\"widget\" data-e-type=\"widget\" data-widget_type=\"text-editor.default\">\n\t\t\t\t\t\t\t\t\t<p>ODS que trabalhamos<\/p>\t\t\t\t\t\t\t\t<\/div>\n\t\t\t\t\t<\/div>\n\t\t\t\t<\/div>\n\t\t<div class=\"has_eae_slider elementor-element elementor-element-cec571a e-flex e-con-boxed e-con e-parent\" data-eae-slider=\"95701\" data-id=\"cec571a\" data-element_type=\"container\" data-e-type=\"container\">\n\t\t\t\t\t<div class=\"e-con-inner\">\n\t\t\t\t<div class=\"elementor-element elementor-element-205ecca elementor-widget elementor-widget-image\" data-id=\"205ecca\" data-element_type=\"widget\" data-e-type=\"widget\" data-widget_type=\"image.default\">\n\t\t\t\t\t\t\t\t\t\t\t\t\t\t\t<img fetchpriority=\"high\" decoding=\"async\" width=\"1403\" height=\"157\" src=\"https:\/\/passosdacrianca.org.br\/dev\/wp-content\/uploads\/2025\/07\/Imagem-4.png\" class=\"attachment-full size-full wp-image-126\" alt=\"\" srcset=\"https:\/\/passosdacrianca.org.br\/dev\/wp-content\/uploads\/2025\/07\/Imagem-4.png 1403w, https:\/\/passosdacrianca.org.br\/dev\/wp-content\/uploads\/2025\/07\/Imagem-4-300x34.png 300w, https:\/\/passosdacrianca.org.br\/dev\/wp-content\/uploads\/2025\/07\/Imagem-4-1024x115.png 1024w, https:\/\/passosdacrianca.org.br\/dev\/wp-content\/uploads\/2025\/07\/Imagem-4-768x86.png 768w\" sizes=\"(max-width: 1403px) 100vw, 1403px\" \/>\t\t\t\t\t\t\t\t\t\t\t\t\t\t\t<\/div>\n\t\t\t\t\t<\/div>\n\t\t\t\t<\/div>\n\t\t<div class=\"has_eae_slider elementor-element elementor-element-ceae082 e-flex e-con-boxed e-con e-parent\" data-eae-slider=\"18221\" data-id=\"ceae082\" data-element_type=\"container\" data-e-type=\"container\">\n\t\t\t\t\t<div class=\"e-con-inner\">\n\t\t\t\t<div class=\"elementor-element elementor-element-c5e8026 elementor-widget elementor-widget-text-editor\" data-id=\"c5e8026\" data-element_type=\"widget\" data-e-type=\"widget\" data-widget_type=\"text-editor.default\">\n\t\t\t\t\t\t\t\t\t<p><strong>Quem faz acontecer: a equipe por<br \/>tr\u00e1s da Passos da Crian\u00e7a<\/strong><\/p>\t\t\t\t\t\t\t\t<\/div>\n\t\t\t\t\t<\/div>\n\t\t\t\t<\/div>\n\t\t<div class=\"has_eae_slider elementor-element elementor-element-0b485fd e-flex e-con-boxed e-con e-parent\" data-eae-slider=\"9149\" data-id=\"0b485fd\" data-element_type=\"container\" data-e-type=\"container\">\n\t\t\t\t\t<div class=\"e-con-inner\">\n\t\t<div class=\"has_eae_slider elementor-element elementor-element-c419978 e-con-full e-flex e-con e-child\" data-eae-slider=\"45816\" data-id=\"c419978\" data-element_type=\"container\" data-e-type=\"container\">\n\t\t\t\t<div class=\"elementor-element elementor-element-b2b0fef elementor-widget elementor-widget-text-editor\" data-id=\"b2b0fef\" data-element_type=\"widget\" data-e-type=\"widget\" data-widget_type=\"text-editor.default\">\n\t\t\t\t\t\t\t\t\t<p>SOCIOEDUCATIVO<\/p>\t\t\t\t\t\t\t\t<\/div>\n\t\t\t\t<\/div>\n\t\t<div class=\"has_eae_slider elementor-element elementor-element-6ecc902 e-con-full e-flex e-con e-child\" data-eae-slider=\"78953\" data-id=\"6ecc902\" data-element_type=\"container\" data-e-type=\"container\">\n\t\t\t\t<\/div>\n\t\t\t\t\t<\/div>\n\t\t\t\t<\/div>\n\t\t<div class=\"has_eae_slider elementor-element elementor-element-fbf5b57 e-flex e-con-boxed e-con e-parent\" data-eae-slider=\"73476\" data-id=\"fbf5b57\" data-element_type=\"container\" data-e-type=\"container\">\n\t\t\t\t\t<div class=\"e-con-inner\">\n\t\t<div class=\"has_eae_slider elementor-element elementor-element-c4d809c e-con-full e-flex e-con e-child\" data-eae-slider=\"23424\" data-id=\"c4d809c\" data-element_type=\"container\" data-e-type=\"container\">\n\t\t\t\t<div class=\"elementor-element elementor-element-8daec96 elementor-widget elementor-widget-text-editor\" data-id=\"8daec96\" data-element_type=\"widget\" data-e-type=\"widget\" data-widget_type=\"text-editor.default\">\n\t\t\t\t\t\t\t\t\t<p>Marketing e <br \/>Capta\u00e7\u00e3o de <br \/>Recursos<\/p>\t\t\t\t\t\t\t\t<\/div>\n\t\t\t\t<\/div>\n\t\t<div class=\"has_eae_slider elementor-element elementor-element-80a88be e-con-full e-flex e-con e-child\" data-eae-slider=\"24956\" data-id=\"80a88be\" data-element_type=\"container\" data-e-type=\"container\">\n\t\t\t\t<\/div>\n\t\t\t\t\t<\/div>\n\t\t\t\t<\/div>\n\t\t<div class=\"has_eae_slider elementor-element elementor-element-9813bde e-flex e-con-boxed e-con e-parent\" data-eae-slider=\"57314\" data-id=\"9813bde\" data-element_type=\"container\" data-e-type=\"container\">\n\t\t\t\t\t<div class=\"e-con-inner\">\n\t\t<div class=\"has_eae_slider elementor-element elementor-element-b7e014e e-con-full e-flex e-con e-child\" data-eae-slider=\"50426\" data-id=\"b7e014e\" data-element_type=\"container\" data-e-type=\"container\">\n\t\t\t\t<div class=\"elementor-element elementor-element-91240f7 elementor-widget elementor-widget-text-editor\" data-id=\"91240f7\" data-element_type=\"widget\" data-e-type=\"widget\" data-widget_type=\"text-editor.default\">\n\t\t\t\t\t\t\t\t\t<p>Gest\u00e3o e <br \/>administra\u00e7\u00e3o<\/p>\t\t\t\t\t\t\t\t<\/div>\n\t\t\t\t<\/div>\n\t\t<div class=\"has_eae_slider elementor-element elementor-element-1024cd4 e-con-full e-flex e-con e-child\" data-eae-slider=\"48192\" data-id=\"1024cd4\" data-element_type=\"container\" data-e-type=\"container\">\n\t\t\t\t<\/div>\n\t\t\t\t\t<\/div>\n\t\t\t\t<\/div>\n\t\t<div class=\"has_eae_slider elementor-element elementor-element-1b1c700 e-flex e-con-boxed e-con e-parent\" data-eae-slider=\"81886\" data-id=\"1b1c700\" data-element_type=\"container\" data-e-type=\"container\">\n\t\t\t\t\t<div class=\"e-con-inner\">\n\t\t<div class=\"has_eae_slider elementor-element elementor-element-997cf87 e-con-full e-flex e-con e-child\" data-eae-slider=\"69901\" data-id=\"997cf87\" data-element_type=\"container\" data-e-type=\"container\">\n\t\t\t\t<div class=\"elementor-element elementor-element-f32522a elementor-widget elementor-widget-text-editor\" data-id=\"f32522a\" data-element_type=\"widget\" data-e-type=\"widget\" data-widget_type=\"text-editor.default\">\n\t\t\t\t\t\t\t\t\t<p>Operacional<\/p>\t\t\t\t\t\t\t\t<\/div>\n\t\t\t\t<\/div>\n\t\t<div class=\"has_eae_slider elementor-element elementor-element-a514edd e-con-full e-flex e-con e-child\" data-eae-slider=\"50107\" data-id=\"a514edd\" data-element_type=\"container\" data-e-type=\"container\">\n\t\t\t\t<\/div>\n\t\t\t\t\t<\/div>\n\t\t\t\t<\/div>\n\t\t<div class=\"has_eae_slider elementor-element elementor-element-acd1a89 e-flex e-con-boxed e-con e-parent\" data-eae-slider=\"640\" data-id=\"acd1a89\" data-element_type=\"container\" data-e-type=\"container\">\n\t\t\t\t\t<div class=\"e-con-inner\">\n\t\t\t\t<div class=\"elementor-element elementor-element-0111210 elementor-widget elementor-widget-text-editor\" data-id=\"0111210\" data-element_type=\"widget\" data-e-type=\"widget\" data-widget_type=\"text-editor.default\">\n\t\t\t\t\t\t\t\t\t<p><strong>Governan\u00e7a com prop\u00f3sito: a<br \/>Diretoria da Passos da Crian\u00e7a<\/strong><\/p>\t\t\t\t\t\t\t\t<\/div>\n\t\t\t\t\t<\/div>\n\t\t\t\t<\/div>\n\t\t\t\t<\/div>\n\t\t","protected":false},"excerpt":{"rendered":"<p>Nossa Atua\u00e7\u00e3o: Transformando Vidas e Construindo Futuros em Curitiba ODS que trabalhamos Quem faz acontecer: a equipe portr\u00e1s da Passos da Crian\u00e7a SOCIOEDUCATIVO Marketing e Capta\u00e7\u00e3o de Recursos Gest\u00e3o e administra\u00e7\u00e3o Operacional Governan\u00e7a com prop\u00f3sito: aDiretoria da Passos da Crian\u00e7a<\/p>\n","protected":false},"author":1,"featured_media":0,"parent":0,"menu_order":0,"comment_status":"closed","ping_status":"closed","template":"elementor_header_footer","meta":{"footnotes":""},"class_list":["post-120","page","type-page","status-publish","hentry"],"_links":{"self":[{"href":"https:\/\/passosdacrianca.org.br\/dev\/wp-json\/wp\/v2\/pages\/120","targetHints":{"allow":["GET"]}}],"collection":[{"href":"https:\/\/passosdacrianca.org.br\/dev\/wp-json\/wp\/v2\/pages"}],"about":[{"href":"https:\/\/passosdacrianca.org.br\/dev\/wp-json\/wp\/v2\/types\/page"}],"author":[{"embeddable":true,"href":"https:\/\/passosdacrianca.org.br\/dev\/wp-json\/wp\/v2\/users\/1"}],"replies":[{"embeddable":true,"href":"https:\/\/passosdacrianca.org.br\/dev\/wp-json\/wp\/v2\/comments?post=120"}],"version-history":[{"count":7,"href":"https:\/\/passosdacrianca.org.br\/dev\/wp-json\/wp\/v2\/pages\/120\/revisions"}],"predecessor-version":[{"id":425,"href":"https:\/\/passosdacrianca.org.br\/dev\/wp-json\/wp\/v2\/pages\/120\/revisions\/425"}],"wp:attachment":[{"href":"https:\/\/passosdacrianca.org.br\/dev\/wp-json\/wp\/v2\/media?parent=120"}],"curies":[{"name":"wp","href":"https:\/\/api.w.org\/{rel}","templated":true}]}}